 3 + 17?
-21
What is 6 - (-11 - 38 - -31)?
24
(1 - (-2 + -3)) + (8 - -18 - 36)
-4
What is 3 - (276 + -253 - (0 + 0 + 0))?
-20
4 - ((-2 - (5 + -8)) + 18)
-15
(11 - (4 + -7) - 6) + -1
7
-61 + 79 - (4 - -9)
5
Evaluate (67 - 66) + 12 + -2.
11
Evaluate 13 + -5 + 1 - -3.
12
-17 + 6 - 11 - -7
-15
1 - -15 - (0 - -20)
-4
What is the value of -23 - -28 - 19 - (-26 - -5)?
7
What is (-22 - 2) + 1 + 4?
-19
(40 + 1 - 33) + -3 + -9 + -2
-6
0 - (-7 - -8) - 8
-9
What is (-3 - (10 - -3)) + -2 + 9 + -3?
-12
What is the value of 1 - -10 - -1 - 6?
6
Evaluate 7 + (-12 - -4 - (-10 + -9 + 9)).
9
-34 - (-78 + 45) - (1 - 36)
34
What is the value of (8 - 14) + 19 - 24?
-11
Evaluate -5 - (26 + -14) - -11.
-6
4 + 15 - (-11 + 0 - (-4 + 0))
26
What is (-1 - -16) + 683 + -710?
-12
Calculate (-2 - 6) + (25 + -26 - (6 - 1)).
-14
What is 9 + -11 + 7 + 20 + -19?
6
(-1 - -2) + (-41 + 38 - (-1 + 2))
-3
Calculate 3 - ((-10 + 20 + -10 - -4) + -35).
34
What is the value of -16 + (0 + -6 - (-56 + 47))?
-13
Calculate 127 + -113 - (0 - -23).
-9
5 + (26 - 12 - (9 - 0))
10
What is (-8 - -10) + -7 + 13?
8
Calculate 13 + -17 + 19 + (-7 - -2).
10
Evaluate 10 - ((-27 - -1) + 53).
-17
What is 26 + 22 - 47 - (0 + -12)?
13
Evaluate 10 + -19 - (-34 - -11 - -2).
12
Calculate 4 + (6 + -5 + -3 - 4) + 14.
12
11 + (-10 + 6 - 4)
3
Calculate -10 - (10 - (1 + -4 - -10)).
-13
What is the value of -36 + 3 + 5 + -8 + 10?
-26
Evaluate (-34 - (11 - 52)) + 0.
7
What is the value of -4 + 2 + -3 + 16 + 0 + -5?
6
What is the value of (-114 - -121) + 3 + 7 + 3?
20
What is -6 + (5 - -2) + -11 + -7?
-17
What is the value of 9 - (-30 - -17) - (-2 + (-5 - -11))?
18
(-2 - (5 - 8) - 2 - 2) + 4
1
Calculate 1 - -4 - (-17 - (-2 - (2 - -1))).
17
What is the value of 3 - (16 + 6 - (-5 - (-2 - 6)))?
-16
(5 - 3 - 2) + (1 - 3)
-2
11 - ((-8 - -1 - -50) + -13)
-19
Calculate (3 - -17 - 42 - -13) + 36 + -1.
26
What is the value of (-8 - -13) + 26 + (18 - 17)?
32
11 - (8 + 2 + 21 + -25)
5
What is (19 - 28) + (0 - (3 + 2)) - -6?
-8
-17 + (-26 - -7 - -33)
-3
What is the value of (1 - 13) + -12 + (59 - 35)?
0
Evaluate (-2 - (12 - 29)) + -16.
-1
Evaluate (-2 - 10) + (145 - 120).
13
Calculate 8 + (-39 - -14 - -2).
-15
Evaluate ((-2 - -4) + -3 - -7) + -3 + 28.
31
What is the value of 16 - (17 + -10 + -5)?
14
Calculate 5 + -3 - (8 + 1) - 2.
-9
What is (43 - -2) + (-299 - -274)?
20
(-23 - -43) + -32 - (1 + -8)
-5
What is -6 - (6 + -3 + -3 - (14 + 5))?
13
Calculate 1 + -9 - (-15 - ((-6 - 8) + -15)).
-22
Evaluate -4 - 0 - -4 - (-7 - (-27 - -12)).
-8
What is the value of (4 - 2) + -10 + (18 - 19)?
-9
What is 2 + (-10 - (-11 + 6))?
-3
(-21 - 1) + (-11 + 8 + 21 - 12)
-16
What is (-1 - (0 + -2)) + -684 + 708?
25
What is the value of (-17 - ((-7 - -4) + -1 + 1)) + 2?
-12
Evaluate -17 - (12 - (10 - -9)) - 9.
-19
What is the value of -83 + 64 + -4 + 2?
-21
Evaluate 14 - (32 - (-14 + -2)).
-34
Calculate 38 + (18 - 13) + -21.
22
What is the value of 35 + -17 + -25 - (2 + 1) - -10?
0
What is 7 - (28 + -11) - 13?
-23
Evaluate 4 + -14 + 7 + 9.
6
Calculate 0 - 38 - (322 - 378).
18
What is -59 + 54 + (51 - 1) + -20?
25
Evaluate -65 + 4 - (-36 - 6).
-19
Calculate 8 + 12 + (12 - 8) + 3.
27
What is 7 + -17 + 12 - 15?
-13
What is (0 - 1) + (9 - (20 + -18))?
6
4 + (20 - -4) - (-170 - -171)
27
What is the value of -36 - (-65 - -18) - (-1 + (4 - 0))?
8
Calculate (-7 - 0) + -3 + 11 - -5.
6
(1 - -14) + (347 - 347)
15
Evaluate 4 + (-21 - -36) - 35.
-16
What is (35 - 62 - -28) + (1 - 6) + -30?
-34
What is -6 + 1 + -3 - (-59 + 45)?
6
Evaluate 7 + -8 - (-16 - -3).
12
What is the value of -2 - -4 - (24 + -22 - -2)?
-2
What is the value of (20 - 40) + -19 - -59?
20
What is -430 - -435 - (3 - 1 - -18)?
-15
17 + 16 + -22 - 4
7
(-459 - -443) + -1 + 47
30
What is (-9 + -11 - -84 - 15) + -16?
33
Evaluate 0 + 2 + -6 + (29 + -31 - 6).
-12
Calculate (6 + -1 - -2) + 87 + -98 + -1.
-5
What is the value of 4 + 2 + -1 + 131 + -123?
13
Calculate 1 + -9 - (36 - 46).
2
(11 - 7) + -10 - (0 - 0)
-6
What is the value of (-9 - -25) + -8 - 18 - (1 + 2)?
-13
What is the value of -156 + 161 + 9 + 1?
15
Evaluate -22 - (10 + 10 + -37 + 8 - -3).
-16
What is -4 + (5 - 20 - -8) - 2?
-13
29 + 9 + 25 + -28
35
What is (1 - -17 - 11) + -5?
2
Calculate (-13 - (4 + 7)) + 1 + -3 + 9.
-17
-4 - 0 - (10 - (-1 - -3 - -10))
-2
Calculate (5 - 2) + 0 + (-36 - -17).
-16
4 + 80 + -31 + -46
7
Evaluate (-18 - (-13 - -18)) + 7 - -13.
-3
Evaluate -22 - (-48 - (7 - 12)).
21
Calculate -11 + (19 - -13 - -17).
38
What is 12 + -24 + 13 + 11 - -2?
14
Evaluate 13 + -1 - (110 - 99).
1
(6 - 2) + (0 - 18) + (101 - 73)
14
Calculate 2 + (-5 - -10) + -4 + (-25 - -36).
14
Evaluate 61 + -25 + -24 - -11.
23
What is the value of -615 + 598 - (-6 + 1 + -2)?
-10
Calculate 1 - ((-13 - -14) + 0 + 0 + 1).
-1
Calculate -344 + 337 - (1 - -6).
-14
What is 7 - -1 - (-50 + 50)?
8
Calculate (740 - 735) + (20 - -3).
28
(-3 - -5) + (4 - (-9 + 15))
0
(-8 - -9 - (2 + 20)) + 10 + 1
-10
What is the value of 7 + (26 - -13) + -24?
22
(14 + (-17 - 5) - -6) + -12 + 0
-14
Calculate (-3 - (-12 + 18)) + (-17 - -16).
-10
What is 55 + -11 + (-51 - -34)?
27
What is the value of (37 - 42) + (-1 + (-1 - -4) - -2)?
-1
Calculate -2 - (-2 - 5 - 3 - (14 + -7)).
15
1 - (6 + -2) - (8 - (8 - -13))
10
(5 - -2) + 3 - (-28 + 53)
-15
Calculate (-3 - 12) + -2 + (-7 - (-12 + 11)).
-23
What is the value of (2 + 0 - -4) + (-434 - -404)?
-24
-6 + -15 + 8 + (9 - 6)
-10
What is the value of -1 + -14 + 4 + 1?
-10
What is the value of (-6 - (0 - 0)) + (-3 + 16 - 14)?
-7
-2 - ((18 - 52) + 7 + (1 - 1))
25
What is the value of 2 + 3 - (-76 + 80)?
1
What is 198 + -195 + -1 + -31?
-29
What is the value of -15 - (-21 + 15) - -29?
20
(16 - 6 - 15) + 7
2
-5 + 7 + (-1 - 15) + 5 + 2
-7
Evaluate (68 - 57) + (-3 - -2) + 2 + 2.
14
Evaluate -1 + -12 - (-11 + (3 - -6) - 4).
-7
What is -6 - (69 - 58 - (23 + 5))?
11
What is the value of 10 + -13 + 35 - 15?
17
Evaluate 4 - -4 - (14 - (-3 - 7)).
-16
(-1 - -1 - -7) + (-22 - 4 - -39)
20
Evaluate -8 + 8 + 14 + -37 + 27.
4
What is (-5 - (-3 + -23)) + -44?
-23
Evaluate -3 - -19 - 7 - 21.
-12
Evaluate 15 + (2 - 6) - (138 + -134).
7
Calculate -1 + 3 + -11 + (130 - 122).
-1
-1976 - -2001 - (16 - 0)
9
-23 + (-29 - -49) + 43
40
Evaluate -13 + 5 + (-18 - -43) + -13.
4
What is (0 - (-3 - -5)) + 5 + 85 + -91?
-3
Calculate (25 - 38) + 3 + 15.
5
4 - -1 - (20 - (-3 + 24))
6
10 + (-7 - 3) + -5 - -2
-3
What is (-9 - (3 + -7)) + 13 - (-39 - -49)?
-2
Evaluate -93 + 90 + -3 + -25 + 0.
-31
What is 2 + 2 + -2 + 3?
5
Evaluate 6 + -10 + (-13 - -7) + 5 + -4.
-9
What is the value of 0 - 2 - -10 - (-27 - (-23 - -14))?
26
Evaluate 12 - 13 - -29 - 20.
8
Calculate -3 + 11 - (2 - (0 - 17)).
-11
Calculate -25 + 16 + -13 + 19.
-3
(7 - (3 + 21)) + 10 - (1 + -1)
-7
Evaluate -4 + (3 - 1 - 4) - (-3 + 0).
-3
-10 + (-26 - (-32 + 5)) + 0 + -24
-33
What is (29 - 35) + 1 + -9?
-14
What is the value of -11 - (-11 + -15 - -10) - (-2 + -1)?
8
What is 10 - -1 - (14 + 1)?
-4
Calculate (-7 - -2) + 6 + 3 + -10 - -3.
-3
What is (-3 + 2 - 7) + (-9 - 1 - -10)?
-8
What is (-1 - 3) + -12 + 3?
-13
What is the value of (11 - 6) + -57 + 40?
-12
Calculate (-1 - -15) + (1 + -4 - (23 + -26)).
14
What is the value of 1 + (0 - 6) + (0 - 17 - -20)?
-2
Calculate (268 - 283) + (5 - 0) + 24.
14
What is (-7 - (-9 + (-11 - -9))) + -13?
-9
Calculate 246 + -235 + (3 + 0 - -1).
15
Evaluate -2 + 14 + 14 + -7.
19
Evaluate 0 - ((1 + -20 - -1) + -3).
21
Calculate 21 + (-18 - (16 - 11)).
-2
-22 - -77 - 33 - ((4 - 3) + 1)
20
What is -5 + 1 + 3 + -3 - -3 - -14?
13
-19 + 16 + 4 + 2 + -9
-6
What is the value of -6 + -1 - (23 - 27) - (2 - -10)?
-15
Calculate -2 - 12 - (-12 + 3).
-5
Evaluate 11 - ((19 - 16) + 2 + -4).
10
What is the value of 30 + (13 - 9) + -59?
-25
Calculate 13 - (-3 - -9) - (-17 + 8).
16
What is -7 + -4 - (2 - (9 + (2 - 7)))?
-9
What is the value of 19 - (-8 + -10 - -40)?
-3
1 + (7 - (-6 - (-2 - 8)))
4
What is -7 - (-34 - -31 - (-5 - -2))?
-7
What is -7 + 1 + -2 - (-5 - (-28 - -18))?
-13
Calculate -9 + (12 - (12 + 11)).
-20
What is 39 - 40 - (5 + 0 + -3 - 16)?
13
11 - (1 + 0) - (253 - 233)
-10
Calculate 0 + -10 + -447 + 457 + -11.
-11
Evaluate -9 + 5 - (2 + (0 - 5) - 5).
4
What is the value of -45 + 2 - (-1429 + 1364)?
22
What is (-4 - -5 - 23) + 7 + -8 + 2?
-21
What is the value of 59 + -51 + (0 + 4 - 3)?
9